{"id":26,"date":"2026-03-03T20:44:48","date_gmt":"2026-03-03T19:44:48","guid":{"rendered":"https:\/\/incertitude-et-performance.fr\/?page_id=26"},"modified":"2026-03-03T20:44:48","modified_gmt":"2026-03-03T19:44:48","slug":"travailler-avec-moi","status":"publish","type":"page","link":"https:\/\/incertitude-et-performance.fr\/?page_id=26","title":{"rendered":"Travailler avec moi"},"content":{"rendered":"\n<div class=\"wp-block-cover\"><span aria-hidden=\"true\" class=\"wp-block-cover__background has-ast-global-color-3-background-color has-background-dim-100 has-background-dim\"><\/span><div class=\"wp-block-cover__inner-container is-layout-constrained wp-block-cover-is-layout-constrained\">\n<h1 class=\"wp-block-heading has-white-color has-text-color has-link-color wp-elements-f65d3f005cc3b1a5fb3a9ff05c7d7519\">Investir dans la coh\u00e9rence<\/h1>\n\n\n\n<p class=\"has-white-color has-text-color has-link-color wp-elements-d8048dad0d7c864ccbcf56bea4e15b18\"><em>Des formules transparentes, adapt\u00e9es aux exigences du haut niveau et du monde de l&#8217;entreprise.<\/em><\/p>\n<\/div><\/div>\n\n\n\n<div class=\"wp-block-columns is-layout-flex wp-container-core-columns-is-layout-28f84493 wp-block-columns-is-layout-flex\">\n<div class=\"wp-block-column has-ast-global-color-7-background-color has-background is-layout-flow wp-block-column-is-layout-flow\">\n<h2 class=\"wp-block-heading\">Sportifs &amp; Artistes<\/h2>\n\n\n\n<h3 class=\"wp-block-heading\"><code>L'Accompagnement Performance<\/code><\/h3>\n\n\n\n<p><strong>partir de 80\u20ac \/ s\u00e9ance<\/strong><\/p>\n\n\n\n<p><em>Bilan initial de coh\u00e9rence (Perceptions vs KPI).<\/em><\/p>\n\n\n\n<p><em>S\u00e9ances individuelles (Visio ou pr\u00e9sentiel).<\/em><\/p>\n\n\n\n<p><em>Suivi des donn\u00e9es de performance.<\/em><\/p>\n\n\n\n<p><em>Acc\u00e8s direct par messagerie.<\/em><\/p>\n<\/div>\n\n\n\n<div class=\"wp-block-column is-vertically-aligned-center has-ast-global-color-7-background-color has-background is-content-justification-left is-layout-constrained wp-container-core-column-is-layout-12dd3699 wp-block-column-is-layout-constrained\">\n<h2 class=\"wp-block-heading\">Dirigeants &amp; Entreprises<\/h2>\n\n\n\n<h3 class=\"wp-block-heading\"><code>L'Intervention Corporate<\/code><\/h3>\n\n\n\n<p><strong>\u00c0 partir de 800\u20ac \/ jour<\/strong>*<\/p>\n\n\n\n<p><em>Audit des dynamiques de d\u00e9cision sous incertitude.<\/em><\/p>\n\n\n\n<p><em>Ateliers collectifs (Communication, Gestion du risque).<\/em><\/p>\n\n\n\n<p><em>Accompagnement individuel des managers.<\/em><\/p>\n\n\n\n<p><em>Rapport KPI.<\/em><\/p>\n<\/div>\n<\/div>\n\n\n\n<div class=\"wp-block-columns is-layout-flex wp-container-core-columns-is-layout-28f84493 wp-block-columns-is-layout-flex\">\n<div class=\"wp-block-column is-layout-flow wp-block-column-is-layout-flow\">\n<h2 class=\"wp-block-heading has-text-align-center\">Planifions un premier \u00e9change (Offert)<\/h2>\n\n\n\n<p class=\"has-text-align-center\"><em>Un appel de 15 minutes pour \u00e9valuer votre besoin et voir si ma m\u00e9thode correspond \u00e0 vos objectifs.<\/em><\/p>\n\n\n\n<div class=\"wp-block-buttons is-content-justification-center is-layout-flex wp-container-core-buttons-is-layout-a89b3969 wp-block-buttons-is-layout-flex\">\n<div class=\"wp-block-button\"><a class=\"wp-block-button__link has-ast-global-color-3-background-color has-background wp-element-button\" href=\"https:\/\/calendly.com\/malo-bertrandgo\/contact\"><em>Prise de contact<\/em><\/a><\/div>\n<\/div>\n<\/div>\n\n\n\n<div class=\"wp-block-column is-layout-flow wp-block-column-is-layout-flow\">\n<h2 class=\"wp-block-heading has-text-align-center\">Prendre rendez vous <\/h2>\n\n\n\n<p class=\"has-text-align-center\">S\u00e9ances de 45 minutes \u00e0 1 heures &#8211; Nombre \u00e0 d\u00e9finir en fonction des objectifs et besoins<\/p>\n\n\n\n<div class=\"wp-block-buttons is-content-justification-center is-layout-flex wp-container-core-buttons-is-layout-a89b3969 wp-block-buttons-is-layout-flex\">\n<div class=\"wp-block-button\"><a class=\"wp-block-button__link has-ast-global-color-3-background-color has-background has-text-align-center wp-element-button\" href=\"https:\/\/calendly.com\/malo-bertrandgo\/30min\">Agenda<\/a><\/div>\n<\/div>\n<\/div>\n<\/div>\n\n\n\n<p><\/p>\n","protected":false},"excerpt":{"rendered":"<p>Sportifs &amp; Artistes L&#8217;Accompagnement Performance partir de 80\u20ac \/ s\u00e9ance Bilan initial de coh\u00e9rence (Perceptions vs KPI). S\u00e9ances individuelles (Visio [&hellip;]<\/p>\n","protected":false},"author":1,"featured_media":0,"parent":0,"menu_order":0,"comment_status":"closed","ping_status":"closed","template":"","meta":{"site-sidebar-layout":"default","site-content-layout":"","ast-site-content-layout":"full-width-container","site-content-style":"default","site-sidebar-style":"default","ast-global-header-display":"","ast-banner-title-visibility":"","ast-main-header-display":"","ast-hfb-above-header-display":"","ast-hfb-below-header-display":"","ast-hfb-mobile-header-display":"","site-post-title":"","ast-breadcrumbs-content":"","ast-featured-img":"","footer-sml-layout":"","ast-disable-related-posts":"","theme-transparent-header-meta":"","adv-header-id-meta":"","stick-header-meta":"","header-above-stick-meta":"","header-main-stick-meta":"","header-below-stick-meta":"","astra-migrate-meta-layouts":"default","ast-page-background-enabled":"default","ast-page-background-meta":{"desktop":{"background-color":"var(--ast-global-color-5)","background-image":"","background-repeat":"repeat","background-position":"center center","background-size":"auto","background-attachment":"scroll","background-type":"","background-media":"","overlay-type":"","overlay-color":"","overlay-opacity":"","overlay-gradient":""},"tablet":{"background-color":"","background-image":"","background-repeat":"repeat","background-position":"center center","background-size":"auto","background-attachment":"scroll","background-type":"","background-media":"","overlay-type":"","overlay-color":"","overlay-opacity":"","overlay-gradient":""},"mobile":{"background-color":"","background-image":"","background-repeat":"repeat","background-position":"center center","background-size":"auto","background-attachment":"scroll","background-type":"","background-media":"","overlay-type":"","overlay-color":"","overlay-opacity":"","overlay-gradient":""}},"ast-content-background-meta":{"desktop":{"background-color":"var(--ast-global-color-4)","background-image":"","background-repeat":"repeat","background-position":"center center","background-size":"auto","background-attachment":"scroll","background-type":"","background-media":"","overlay-type":"","overlay-color":"","overlay-opacity":"","overlay-gradient":""},"tablet":{"background-color":"var(--ast-global-color-4)","background-image":"","background-repeat":"repeat","background-position":"center center","background-size":"auto","background-attachment":"scroll","background-type":"","background-media":"","overlay-type":"","overlay-color":"","overlay-opacity":"","overlay-gradient":""},"mobile":{"background-color":"var(--ast-global-color-4)","background-image":"","background-repeat":"repeat","background-position":"center center","background-size":"auto","background-attachment":"scroll","background-type":"","background-media":"","overlay-type":"","overlay-color":"","overlay-opacity":"","overlay-gradient":""}},"footnotes":""},"class_list":["post-26","page","type-page","status-publish","hentry"],"_links":{"self":[{"href":"https:\/\/incertitude-et-performance.fr\/index.php?rest_route=\/wp\/v2\/pages\/26","targetHints":{"allow":["GET"]}}],"collection":[{"href":"https:\/\/incertitude-et-performance.fr\/index.php?rest_route=\/wp\/v2\/pages"}],"about":[{"href":"https:\/\/incertitude-et-performance.fr\/index.php?rest_route=\/wp\/v2\/types\/page"}],"author":[{"embeddable":true,"href":"https:\/\/incertitude-et-performance.fr\/index.php?rest_route=\/wp\/v2\/users\/1"}],"replies":[{"embeddable":true,"href":"https:\/\/incertitude-et-performance.fr\/index.php?rest_route=%2Fwp%2Fv2%2Fcomments&post=26"}],"version-history":[{"count":3,"href":"https:\/\/incertitude-et-performance.fr\/index.php?rest_route=\/wp\/v2\/pages\/26\/revisions"}],"predecessor-version":[{"id":29,"href":"https:\/\/incertitude-et-performance.fr\/index.php?rest_route=\/wp\/v2\/pages\/26\/revisions\/29"}],"wp:attachment":[{"href":"https:\/\/incertitude-et-performance.fr\/index.php?rest_route=%2Fwp%2Fv2%2Fmedia&parent=26"}],"curies":[{"name":"wp","href":"https:\/\/api.w.org\/{rel}","templated":true}]}}