{"id":20,"date":"2026-03-03T19:16:08","date_gmt":"2026-03-03T18:16:08","guid":{"rendered":"https:\/\/incertitude-et-performance.fr\/?page_id=20"},"modified":"2026-03-03T19:16:08","modified_gmt":"2026-03-03T18:16:08","slug":"methode-science","status":"publish","type":"page","link":"https:\/\/incertitude-et-performance.fr\/?page_id=20","title":{"rendered":"M\u00e9thode &amp; Science"},"content":{"rendered":"\n<div class=\"wp-block-media-text is-stacked-on-mobile\" style=\"grid-template-columns:38% auto\"><figure class=\"wp-block-media-text__media\"><img loading=\"lazy\" decoding=\"async\" width=\"1024\" height=\"832\" src=\"https:\/\/incertitude-et-performance.fr\/wp-content\/uploads\/2026\/03\/View-recent-photos-1-1024x832.jpeg\" alt=\"\" class=\"wp-image-22 size-full\" srcset=\"https:\/\/incertitude-et-performance.fr\/wp-content\/uploads\/2026\/03\/View-recent-photos-1-1024x832.jpeg 1024w, https:\/\/incertitude-et-performance.fr\/wp-content\/uploads\/2026\/03\/View-recent-photos-1-300x244.jpeg 300w, https:\/\/incertitude-et-performance.fr\/wp-content\/uploads\/2026\/03\/View-recent-photos-1-768x624.jpeg 768w, https:\/\/incertitude-et-performance.fr\/wp-content\/uploads\/2026\/03\/View-recent-photos-1.jpeg 1125w\" sizes=\"auto, (max-width: 1024px) 100vw, 1024px\" \/><\/figure><div class=\"wp-block-media-text__content\">\n<h2 class=\"wp-block-heading\">Eclaircir la coh\u00e9rence<\/h2>\n\n\n\n<p>Ma philosophie consiste \u00e0 accompagner l&#8217;individu dans son questionnement profond. L&#8217;objectif est de mettre en lumi\u00e8re la coh\u00e9rence entre ses actions et ses objectifs.<\/p>\n<\/div><\/div>\n\n\n\n<div class=\"wp-block-media-text is-stacked-on-mobile\"><figure class=\"wp-block-media-text__media\"><img loading=\"lazy\" decoding=\"async\" width=\"962\" height=\"1024\" src=\"https:\/\/incertitude-et-performance.fr\/wp-content\/uploads\/2026\/03\/IMG_8157-962x1024.jpg\" alt=\"\" class=\"wp-image-23 size-full\" srcset=\"https:\/\/incertitude-et-performance.fr\/wp-content\/uploads\/2026\/03\/IMG_8157-962x1024.jpg 962w, https:\/\/incertitude-et-performance.fr\/wp-content\/uploads\/2026\/03\/IMG_8157-282x300.jpg 282w, https:\/\/incertitude-et-performance.fr\/wp-content\/uploads\/2026\/03\/IMG_8157-768x817.jpg 768w, https:\/\/incertitude-et-performance.fr\/wp-content\/uploads\/2026\/03\/IMG_8157.jpg 1011w\" sizes=\"auto, (max-width: 962px) 100vw, 962px\" \/><\/figure><div class=\"wp-block-media-text__content\">\n<h2 class=\"wp-block-heading\">Objectiver le ressenti<\/h2>\n\n\n\n<p>J&#8217;utilise une m\u00e9thode bas\u00e9e sur vos perceptions personnelles (sens et croyances) que nous confrontons syst\u00e9matiquement \u00e0 des mesures objectives (KPI).<\/p>\n\n\n\n<p>C&#8217;est ce pont entre le &#8220;labo&#8221; et le &#8220;terrain&#8221; qui permet d&#8217;\u00e9liminer les biais cognitifs et de performer durablement.<\/p>\n\n\n\n<figure class=\"wp-block-image size-large\"><img loading=\"lazy\" decoding=\"async\" width=\"1024\" height=\"675\" src=\"https:\/\/incertitude-et-performance.fr\/wp-content\/uploads\/2026\/03\/download-1024x675.png\" alt=\"\" class=\"wp-image-24\" srcset=\"https:\/\/incertitude-et-performance.fr\/wp-content\/uploads\/2026\/03\/download-1024x675.png 1024w, https:\/\/incertitude-et-performance.fr\/wp-content\/uploads\/2026\/03\/download-300x198.png 300w, https:\/\/incertitude-et-performance.fr\/wp-content\/uploads\/2026\/03\/download-768x507.png 768w, https:\/\/incertitude-et-performance.fr\/wp-content\/uploads\/2026\/03\/download-1536x1013.png 1536w, https:\/\/incertitude-et-performance.fr\/wp-content\/uploads\/2026\/03\/download.png 1789w\" sizes=\"auto, (max-width: 1024px) 100vw, 1024px\" \/><\/figure>\n<\/div><\/div>\n\n\n\n<div class=\"wp-block-columns is-layout-flex wp-container-core-columns-is-layout-28f84493 wp-block-columns-is-layout-flex\">\n<div class=\"wp-block-column is-layout-flow wp-block-column-is-layout-flow\">\n<h2 class=\"wp-block-heading\">Attention &amp; \u00c9motion<\/h2>\n\n\n\n<p>G\u00e9rer les flux attentionnels et r\u00e9guler l&#8217;\u00e9tat \u00e9motionnel en situation de stress intense.<\/p>\n<\/div>\n\n\n\n<div class=\"wp-block-column is-layout-flow wp-block-column-is-layout-flow\">\n<h2 class=\"wp-block-heading\">Incertitude &amp; Risque<\/h2>\n\n\n\n<p>Transformer l&#8217;impr\u00e9visible en une opportunit\u00e9 de d\u00e9cision strat\u00e9gique et calcul\u00e9e.<\/p>\n<\/div>\n\n\n\n<div class=\"wp-block-column is-layout-flow wp-block-column-is-layout-flow\">\n<h2 class=\"wp-block-heading\">Communication<\/h2>\n\n\n\n<p>Optimiser les \u00e9changes internes et externes pour une coh\u00e9rence de groupe maximale.<\/p>\n<\/div>\n<\/div>\n\n\n\n<p><\/p>\n","protected":false},"excerpt":{"rendered":"<p>Eclaircir la coh\u00e9rence Ma philosophie consiste \u00e0 accompagner l&#8217;individu dans son questionnement profond. L&#8217;objectif est de mettre en lumi\u00e8re la [&hellip;]<\/p>\n","protected":false},"author":1,"featured_media":0,"parent":0,"menu_order":0,"comment_status":"closed","ping_status":"closed","template":"","meta":{"site-sidebar-layout":"default","site-content-layout":"","ast-site-content-layout":"full-width-container","site-content-style":"default","site-sidebar-style":"default","ast-global-header-display":"","ast-banner-title-visibility":"","ast-main-header-display":"","ast-hfb-above-header-display":"","ast-hfb-below-header-display":"","ast-hfb-mobile-header-display":"","site-post-title":"","ast-breadcrumbs-content":"","ast-featured-img":"","footer-sml-layout":"","ast-disable-related-posts":"","theme-transparent-header-meta":"","adv-header-id-meta":"","stick-header-meta":"","header-above-stick-meta":"","header-main-stick-meta":"","header-below-stick-meta":"","astra-migrate-meta-layouts":"default","ast-page-background-enabled":"default","ast-page-background-meta":{"desktop":{"background-color":"var(--ast-global-color-5)","background-image":"","background-repeat":"repeat","background-position":"center center","background-size":"auto","background-attachment":"scroll","background-type":"","background-media":"","overlay-type":"","overlay-color":"","overlay-opacity":"","overlay-gradient":""},"tablet":{"background-color":"","background-image":"","background-repeat":"repeat","background-position":"center center","background-size":"auto","background-attachment":"scroll","background-type":"","background-media":"","overlay-type":"","overlay-color":"","overlay-opacity":"","overlay-gradient":""},"mobile":{"background-color":"","background-image":"","background-repeat":"repeat","background-position":"center center","background-size":"auto","background-attachment":"scroll","background-type":"","background-media":"","overlay-type":"","overlay-color":"","overlay-opacity":"","overlay-gradient":""}},"ast-content-background-meta":{"desktop":{"background-color":"var(--ast-global-color-4)","background-image":"","background-repeat":"repeat","background-position":"center center","background-size":"auto","background-attachment":"scroll","background-type":"","background-media":"","overlay-type":"","overlay-color":"","overlay-opacity":"","overlay-gradient":""},"tablet":{"background-color":"var(--ast-global-color-4)","background-image":"","background-repeat":"repeat","background-position":"center center","background-size":"auto","background-attachment":"scroll","background-type":"","background-media":"","overlay-type":"","overlay-color":"","overlay-opacity":"","overlay-gradient":""},"mobile":{"background-color":"var(--ast-global-color-4)","background-image":"","background-repeat":"repeat","background-position":"center center","background-size":"auto","background-attachment":"scroll","background-type":"","background-media":"","overlay-type":"","overlay-color":"","overlay-opacity":"","overlay-gradient":""}},"footnotes":""},"class_list":["post-20","page","type-page","status-publish","hentry"],"_links":{"self":[{"href":"https:\/\/incertitude-et-performance.fr\/index.php?rest_route=\/wp\/v2\/pages\/20","targetHints":{"allow":["GET"]}}],"collection":[{"href":"https:\/\/incertitude-et-performance.fr\/index.php?rest_route=\/wp\/v2\/pages"}],"about":[{"href":"https:\/\/incertitude-et-performance.fr\/index.php?rest_route=\/wp\/v2\/types\/page"}],"author":[{"embeddable":true,"href":"https:\/\/incertitude-et-performance.fr\/index.php?rest_route=\/wp\/v2\/users\/1"}],"replies":[{"embeddable":true,"href":"https:\/\/incertitude-et-performance.fr\/index.php?rest_route=%2Fwp%2Fv2%2Fcomments&post=20"}],"version-history":[{"count":1,"href":"https:\/\/incertitude-et-performance.fr\/index.php?rest_route=\/wp\/v2\/pages\/20\/revisions"}],"predecessor-version":[{"id":25,"href":"https:\/\/incertitude-et-performance.fr\/index.php?rest_route=\/wp\/v2\/pages\/20\/revisions\/25"}],"wp:attachment":[{"href":"https:\/\/incertitude-et-performance.fr\/index.php?rest_route=%2Fwp%2Fv2%2Fmedia&parent=20"}],"curies":[{"name":"wp","href":"https:\/\/api.w.org\/{rel}","templated":true}]}}